ue
Let x(y) = -188*y - 63. Let s(l) = -l**2 + 11*l - 15. Let j be s(10). Is x(j) a prime number?
True
Suppose -7*j + 35 = 5*u - 10*j, -5 = -u + j. Suppose -2*y + u = 0, -y + 94500 = 5*v - 0*y. Is v a composite number?
False
Is 2/(-4) - 3/(-14) - (-5284368)/336 a prime number?
True
Let k = 76652 + -40219. Is k a prime number?
True
Is 5*-1*(307956/20)/(-33) composite?
False
Suppose 2*g + 5*b - 217 = -31, 8 = -2*b. Let s = g + -204. Is 5/(20/16)*s/(-2) composite?
True
Let c = 824 + 1219. Let s = c + -541. Let d = 4519 - s. Is d a prime number?
False
Let a be (-1373)/2 - 1/2. Suppose -2*o = -3*d - 502, 124 = -5*o + 134. Let k = d - a. Is k composite?
False
Suppose 102*r = -2*m + 97*r + 4813630, 5*r = -m + 2406815. Is m composite?
True
Let y be (-3 + 4)/(17/119). Suppose 4*q + y*q = 152119. Is q a prime number?
True
Suppose -25216573 = -44*y - 4928481. Is y prime?
True
Let b(n) = 13*n**2 - 3*n - 15. Let j = 37 - 32. Let p be b(j). Is p + 17 + -6 + 1 prime?
True
Is (-20)/(48/(-12)) - -79272 composite?
True
Let m(c) = -16*c + 2*c + 44*c**2 + 15 - 22*c**2. Let q be m(11). Suppose q = 7*d - 872. Is d a prime number?
False
Let d(b) = 632*b**3 - 7*b**2 + 9*b - 19. Is d(4) composite?
True
Suppose -5*p = -l + 21856, -3*l - 3*p + 27736 = -37886. Is l a prime number?
True
Suppose -4*n - 20189 = -3*j, 0 = 4*n + 3*j + 12711 + 7508. Is n/(-6) + 1/6 composite?
True
Let w = 11 - -317. Let v = w + -154. Suppose -5*m = -2*m - v. Is m a composite number?
True
Suppose -27*i + 303*i = 66328044. Is i a prime number?
True
Suppose 3*n = p + 48659 + 16558, 4*n - p = 86954. Is n composite?
False
Let m be 0 - (-5)/(-10) - (-26142)/(-4). Let k = m + 9954. Suppose 5*c - 5*t - 8545 = 0, 2*c - 4*t + t - k = 0. Is c a composite number?
False
Suppose -3*u - 3*b = -1203, 652 = 2*u - 4*b - 174. Suppose u = 4*n - 767. Suppose -4*j = -3*j - n. Is j prime?
True
Let s = 33595 + -17114. Is s a prime number?
True
Suppose -1553321 = 88*d - 5070241. Is d a composite number?
True
Suppose 0 = 3*t, 0 = -n - 0*n + 4*t + 31. Let l = -35 + n. Is ((-157)/(-2))/(l/(-136)) a prime number?
False
Let u(x) = -x - 19. Let n be u(-12). Let s be (0 + 6/(-21))*n. Suppose -719 = -s*z - 205. Is z prime?
True
Let y be (-4)/18 - (-218)/9. Suppose 0 = t - y - 7. Let s = 158 - t. Is s a composite number?
False
Let h(a) = -a**3 + 3*a**2 - a + 3. Let z be h(3). Suppose -47602 = -21*p + 42236. Suppose z = 3*y - 13095 + p. Is y a prime number?
True
Suppose 0 = -c + v - 2 + 50, -3*v + 15 = 0. Let l be (-22)/(1/(1 + 0)). Let w = l + c. Is w a composite number?
False
Let r = -183332 - -544863. Is r prime?
True
Let t(x) = 179 + 183 - 368 - 3665*x. Is t(-1) prime?
True
Let p = -375 - -373. Is 20/(-80) + 65690/8 - p a composite number?
True
Let n(r) = r**2 - 8*r - 123. Let x be n(-8). Suppose x*c + 5*m = 3040, -m - 520 - 711 = -2*c. Is c a composite number?
False
Suppose -3*p + 153 = 189. Is 2/p - (168003/(-54) - -14) a composite number?
True
Let t(c) = 286*c**3 - 47*c**2 - 20*c + 35. Is t(6) composite?
False
Let f be (-2)/(-10)*5055*(-1)/(-3). Suppose s + 4*w = -w + 27, 0 = -s - 3*w + 17. Suppose -m + f = -s*t, -2*m - 2*t + 650 = 2*t. Is m composite?
False
Let t = 30 - -8257. Is t composite?
False
Let j = -1852 + 3234. Suppose -59*g + 61*g = j. Is g a composite number?
False
Suppose 2*a - 1190 = -4*k + 62074, -15823 = -k - 4*a. Is k a prime number?
False
Suppose -2*l + h + 3 + 4 = 0, -5*l = -4*h - 13. Suppose 5526 = 2*g + 2*p, -4*g = l*p - 4*p - 11049. Is g composite?
True
Let i(y) = -5*y**2 + 59*y + 28. Let j be i(-14). Let w = j + 7557. Is w prime?
True
Suppose -2*a - 3*o = -127, 5 = o + 2. Suppose -a*m + 63*m - 5596 = 0. Is m a prime number?
True
Let v(n) = n**3 - 25*n**2 - 20*n + 3. Let k be v(18). Let j = k + 5674. Is j a prime number?
True
Let h(p) = -p**3 - 7*p**2 + 8*p. Let a be h(-8). Let c be a + -1*1 + (-28 - -22). Is (-10)/(-35) - 887/c prime?
True
Let m be 54/(-1) + (2 - -2). Let o = 53 + m. Suppose 388 + 758 = o*r. Is r a composite number?
True
Let p = 29 + -26. Let m be (4/(-6) - 11527/3) + p. Let y = 6629 + m. Is y composite?
False
Let c = 12459 + -4641. Let w = -4229 + c. Is w composite?
True
Let a(h) = 62*h**3 - 7*h**2 + 3*h - 4. Let x(y) = -123*y**3 + 14*y**2 - 6*y + 7. Let i(z) = -5*a(z) - 3*x(z). Is i(3) a composite number?
True
Suppose -q = -4*d + 8, -5*q + 23 = 2*d - d. Let l(o) = 10*o + 20. Let z be l(q). Suppose -z = -u + 79. Is u a composite number?
False
Let c(x) = 45*x**3 - 43*x**2 - 33*x - 36. Is c(17) prime?
False
Suppose -d + 2 = -5*z, 4*d - 3*z + 17 = 6*d. Suppose -8227 = -4*o - 3*j, 6*o = d*o + j - 2058. Is o a composite number?
False
Let h = 590 + -606. Is 5474/1 - (11 + h) a composite number?
False
Let s(w) = 4*w**3 - 2*w**2 + w - 1. Let r be s(2). Let l = r - 25. Suppose 2*t - 3*q - 1499 = l, -27 = -3*q - 12. Is t a prime number?
True
Let b be (456/(-36))/(1/(-57)). Suppose 0 = -3*p + 9, -2*p + b = 5*c - 3*p. Is c prime?
False
Suppose 4*q = -5*p + 506137, -5*p + 5*q - 1964 = -508029. Is p prime?
True
Suppose 4*v = -0*v + 336. Let u = v + -47. Suppose 0 = 38*j - u*j - 613. Is j prime?
True
Suppose 4*c = 5*m + 1696, 4*c = 3*m - c + 1015. Let a = 802 + m. Suppose 2*h + 124 = a. Is h prime?
False
Let z = 90 + -88. Suppose 0 = z*i, 2*v - 3*i - 1654 = 1468. Is v composite?
True
Let f = 12001 + -6398. Is f prime?
False
Let a(h) = 916*h**2 + 12*h - 225. Is a(-14) a prime number?
True
Suppose 15*b - 104885 - 110860 = 0. Is b prime?
False
Let y = 330 + -326. Suppose 5*u - 4*s = 43305, 0 = y*u - u - 2*s - 25981. Is u composite?
True
Suppose -334*w + 635*w + 6671157 = 318*w. Is w composite?
True
Suppose -l + i = -119495, l = -6*i + 123838 - 4385. Is l prime?
True
Let k(b) = -574*b**3 - 23*b**2 + 205*b + 2323. Is k(-13) composite?
True
Suppose 11 = s - 0*s. Let p(x) be the first derivative of 2*x**3/3 + 7*x**2/2 - 26*x - 157. Is p(s) a composite number?
False
Let c = -12863 + 53334. Is c a composite number?
False
Suppose 20 = -54*j + 59*j. Suppose -12896 = -j*x - 4*l, -2*l + 6483 = 2*x - 7*l. Is x prime?
True
Is ((-693752)/(-10) - -7)/(3/5) a composite number?
False
Suppose 5*d + 4*n = 161239, -21*n + 16*n = 2*d - 64482. Is d a composite number?
False
Let n(s) = -2*s**3 - 5*s**2 + 2*s - 5. Suppose 22 = 5*d - 38. Suppose -d = 4*x + 12. Is n(x) composite?
True
Let n be 0/(-3) + 4264 - 7. Let b = n - -796. Is b prime?
False
Let h be 7 - (1 + 0)*3 - 1. Suppose 0 = h*a - 2*z - 2, -2*a + 2*z = -3 - 1. Is (1/(a*1))/((-7)/15358) composite?
False
Suppose -175 = -25*y - 10*y. Suppose -3*d + 55976 = y*d. Is d a composite number?
False
Suppose -5*s + 41647 = 2*m + 783, 0 = -3*s + 18. Is m a prime number?
False
Suppose 3*k + 5*v = 489352, 0 = -5*k + 4*v + 718777 + 96748. Is k a composite number?
False
Let c(x) = -2*x**2 + 5*x + 6. Let z be c(3). Suppose -o - 2*g = -g - 4195, -5*o - z*g + 20975 = 0. Is o composite?
True
Suppose -2*i + 4 = 12. Let o be -5*(51/15 + i). Suppose -267 = o*v + z - 2281, v - 678 = z. Is v prime?
True
Let u(k) = 308*k + 453. Is u(5) composite?
False
Let v(q) = 4*q + 9. Let j be v(-1). Suppose 4*z = j*l + 18123, -5*z - 4*l + 22695 = -2*l. Is z composite?
True
Let a(q) be the first derivative of -35*q**4/4 - 2*q**3/3 + 5*q - 63. Is a(-4) a composite number?
False
Let c be 1/(-4) - (-18)/8. Let o be 2 + (-1174*1 - c). Let s = o + 1985. Is s a composite number?
False
Let w(p) = 43*p**3 - 15*p**2 - 33*p + 121. Is w(12) a prime number?
False
Suppose 0*y + 9820 = -2*y. Let t = y + 8199. Let l = t + -1722. Is l a composite number?
False
Suppose 28*v - 4452 = 7*v. Let q = v + -25. Is q a prime number?
False
Let a(g) = -8*g**3 + 18*g**2 + 75*g + 75. Is a(-16) prime?
True
Suppose 5*b + 43 = -2*q, 0 = -2*q + 2*b - 0 - 8. Let w be (-25)/q - 4/(-18). Suppose 3*i = -5*a + 4227, 0*i - w*i + 4*a = -4227. Is i composite?
False
Let z(b) = 23224*b + 141. Is z(2) prime?
True
Let a = 35314 + 125887. Is a a composite number?
False
Let q be ((-5)/10)/((-4)/(-32)*4). Is (4/(-12))/(q/7767 - 0) a composite number?
True
Let w(l) = l**3 + 21*l**2 + 20*l + 31. Suppose 0 = -21*u + 17*u - 48. Is w(u) a composite number?
False
Let q(r) = -6*r**3 + r - 3. Let m be q(-2). Let u = m + -38. Is u/(5/2) + 743 a composite number?
True
Suppose -5*r + 3373 = -3*h, 3*r + 5*h - 2792 + 775 = 0. Suppose 4*j + 2*x = -0*x + 258